{"id":304,"date":"2021-04-25T09:52:19","date_gmt":"2021-04-25T07:52:19","guid":{"rendered":"http:\/\/www.antikvar.sk\/blog\/?page_id=304"},"modified":"2024-04-09T19:52:09","modified_gmt":"2024-04-09T17:52:09","slug":"fejtony-uvahy-starozitnosti-postrehy","status":"publish","type":"page","link":"https:\/\/www.antikvar.sk\/blog\/fejtony-uvahy-starozitnosti-postrehy\/","title":{"rendered":"Vitajte na na\u0161ej str\u00e1nke"},"content":{"rendered":"<p><span style=\"font-size: 12pt;\"><\/span><\/p>\r\n<h4 style=\"text-align: justify;\"><span style=\"font-size: 12pt;\"><strong>Najsk\u00f4r mus\u00edm d\u00f4razne upozorni\u0165, \u017ee niektor\u00e9 uverejnen\u00e9 texty&nbsp; nie s\u00fa&nbsp; vhodn\u00e9 pre ml\u00e1de\u017e!<\/strong><\/span><\/h4>\r\n<h5 style=\"text-align: justify;\"><span style=\"font-size: 12pt;\"><strong>Pros\u00edme v\u0161etk\u00fdch, ktor\u00ed maj\u00fa menej ako 18 rokov, aby ani zo zvedavosti neklikali.<\/strong><\/span><\/h5>\r\n<p style=\"text-align: justify;\"><span style=\"font-size: 12pt;\">Priatelia a dospel\u00ed n\u00e1v\u0161tevn\u00edci&nbsp; tu n\u00e1jdu texty r\u00f4zneho \u017e\u00e1nru, od \u00favah, fejt\u00f3nov po riekanky a proston\u00e1rodn\u00fa tvorbu, ktor\u00e9 vznikli v \u010dase kovidu. Uverejnen\u00e9 texty s\u00fa poznamenan\u00e9 dobou, nemaj\u00fa za cie\u013e na niekoho bezd\u00f4vodne \u00fato\u010di\u0165 alebo ho ur\u00e1\u017ea\u0165, s\u00fa len dokladom&nbsp; d\u00f4sledkov tzv. koronakr\u00edzy na \u013eudsk\u00fa psychiku. Dokumentom toho, \u010do m\u00f4\u017ee vyvola\u0165 u trochu kreat\u00edvneho \u010dloveka politick\u00fd chaos a neschopnos\u0165 autor\u00edt da\u0165 \u013eu\u010fom&nbsp; n\u00e1dej.<\/span><\/p>\r\n<p style=\"text-align: justify;\"><span style=\"font-size: 12pt;\">Texty s\u00fa formou katarzie a m\u00f4\u017eu ma\u0165 v\u00fdznam pre \u0161t\u00fadium tohto obdobia v bud\u00facnosti z r\u00f4znych aspektov. Nielen psychiatrie, ako si m\u00f4\u017ee niekto, po pre\u010d\u00edtan\u00ed pr\u00edspevkov, opr\u00e1vnene myslie\u0165.<\/span><\/p>\r\n<h4 style=\"text-align: justify;\"><span style=\"font-size: 12pt;\">V blogu n\u00e1jdete aj pr\u00edspevky t\u00fdkaj\u00face sa antikv\u00e1rnych vec\u00ed.<\/span><\/h4>\r\n<p style=\"text-align: justify;\"><span style=\"font-size: 12pt;\">Nemysl\u00edme si, \u017ee v\u0161etko star\u00e9 je&nbsp; iba na vyhodenie. Pojem star\u00fd ch\u00e1peme v tom naj\u0161ir\u0161om zmysle. Od poznatkov, spomienok, staro\u017eitnost\u00ed, star\u00fdch pr\u00edstrojov, zariaden\u00ed, n\u00e1padov, udalost\u00ed, sk\u00fasenost\u00ed, technol\u00f3gi\u00ed, receptov, vedomost\u00ed, kult\u00fary a podobne.<\/span><\/p>\r\n<h4 style=\"text-align: justify;\"><a id=\"Bergier\"><\/a><span style=\"font-size: 12pt;\">Na\u0161im mottom je cit\u00e1t z knihy J. Bergiera, L. Pauwelsa Jitro Kouzeln\u00edk\u016f, ktor\u00e1 v\u00fd\u0161la v \u010de\u0161tine v roku 1968:<\/span><\/h4>\r\n<p style=\"text-align: justify;\"><span style=\"font-size: 12pt;\">Galilei a Newton v\u00fdslovn\u011b doznali, za\u010d vd\u011b\u010d\u00ed antick\u00e9 v\u011bd\u011b. Rovn\u011b\u017e Kopern\u00edk v p\u0159edmluv\u011b sv\u00fdch spis\u016f, adresovan\u00e9 pape\u017ei Pavlu III., p\u00ed\u0161e doslova, \u017ee na\u0161el my\u0161lenku o pohybu Zem\u011b, kdy\u017e \u010detl antick\u00e1 d\u00edla. Ostatn\u011b p\u0159izn\u00e1n\u00ed k t\u011bmto v\u00fdp\u016fj\u010dk\u00e1m neodn\u00edm\u00e1 nic Kopern\u00edkov\u011b, Newtonov\u011b a Galileov\u011b sl\u00e1v\u011b, nebo\u0165 ti v\u0161ichni pat\u0159ili k onomu plemeni vy\u0161\u0161\u00edch duch\u016f, jejich\u017e nezi\u0161tnost a u\u0161lechtilost se v\u016fbec nestarala o autorskou sebel\u00e1sku a origin\u00e1lnost za ka\u017edou cenu, co\u017e jsou modern\u00ed p\u0159edsudky.<\/span><\/p>\r\n<p style=\"text-align: justify;\"><span style=\"font-size: 12pt;\"><em><strong>Skromn\u011bj\u0161\u00ed a pravdiv\u011bj\u0161\u00ed se zd\u00e1 b\u00fdt postoj modistky Marie-Antoinetty, sle\u010dny Bertinov\u00e9. Kdy\u017e svou obratnou rukou omlazovala star\u00fd klobou\u010dek, zvolala: \u201eSkute\u010dn\u011b nov\u00e9 je jenom to, na co u\u017e se zapomn\u011blo.\u201c<\/strong> <\/em><\/span><\/p>\r\n<p style=\"text-align: justify;\"><span style=\"font-size: 12pt;\">Historie vyn\u00e1lez\u016f jako historie v\u011bd sta\u010d\u00ed, aby n\u00e1m dok\u00e1zaly pravdu t\u00e9to nar\u00e1\u017eky. \u201eS v\u011bt\u0161inou vyn\u00e1lez\u016f,\u201c p\u00ed\u0161e Fournier, \u201eje tomu jako s onou prchavou p\u0159\u00edle\u017eitost\u00ed, z n\u00ed\u017e sta\u0159\u00ed u\u010dinili bohyni nepolapitelnou pro ka\u017ed\u00e9ho, kdo ji nechal poprv\u00e9 uniknout. Jestli\u017ee my\u0161lenka, je\u017e n\u00e1s p\u0159iv\u00e1d\u00ed na stopu, slovo, je\u017e m\u016f\u017ee v\u00e9st k roz\u0159e\u0161en\u00ed probl\u00e9mu, nebo v\u00fdznamn\u00fd fakt nejsou okam\u017eit\u011b v letu zachyceny, pak ztr\u00e1c\u00edme jeden vyn\u00e1lez nebo ho alespo\u0148 odkl\u00e1d\u00e1me o n\u011bkolik generac\u00ed. Aby se pak vyn\u00e1lez v triumfu vr\u00e1til, je t\u0159eba n\u00e1hody nov\u00e9 my\u0161lenky, kter\u00e1 probud\u00ed prvn\u00ed my\u0161lenku z jej\u00edho zapomn\u011bn\u00ed nebo \u0161\u0165astn\u00e9ho plagi\u00e1tu n\u011bjak\u00e9ho vyn\u00e1lezce z druh\u00e9 ruky.<\/span><\/p>\r\n<p style=\"text-align: justify;\"><span style=\"font-size: 12pt;\"><strong>Ve vynal\u00e9z\u00e1n\u00ed postihuje toho, kdo p\u0159i\u0161el prvn\u00ed, jen ne\u0161t\u011bst\u00ed \u2013 sl\u00e1va a zisk p\u0159ipadne druh\u00e9mu.\u201c<\/strong><\/span><\/p>\r\n<p style=\"text-align: justify;\"><span style=\"font-family: arial, helvetica, sans-serif; font-size: 12pt;\">Nezab\u00fadajte na svoje rodisko, bez neho je iba do pekla schodisko<\/span><\/p>\r\n<p><span style=\"font-size: 12pt;\"><\/span><\/p>","protected":false},"excerpt":{"rendered":"<p>Najsk\u00f4r mus\u00edm d\u00f4razne upozorni\u0165, \u017ee niektor\u00e9 uverejnen\u00e9 texty&nbsp; nie s\u00fa&nbsp; vhodn\u00e9 pre ml\u00e1de\u017e! Pros\u00edme v\u0161etk\u00fdch, ktor\u00ed maj\u00fa menej ako 18 rokov, aby ani zo zvedavosti neklikali. Priatelia a dospel\u00ed n\u00e1v\u0161tevn\u00edci&nbsp; tu n\u00e1jdu texty r\u00f4zneho \u017e\u00e1nru, od \u00favah, fejt\u00f3nov po riekanky a proston\u00e1rodn\u00fa tvorbu, ktor\u00e9 vznikli v \u010dase kovidu. Uverejnen\u00e9 texty s\u00fa poznamenan\u00e9 dobou, nemaj\u00fa za [&hellip;]<\/p>\n","protected":false},"author":1,"featured_media":21,"parent":0,"menu_order":0,"comment_status":"closed","ping_status":"closed","template":"","meta":{"_uag_custom_page_level_css":"","site-sidebar-layout":"default","site-content-layout":"default","ast-site-content-layout":"default","site-content-style":"default","site-sidebar-style":"default","ast-global-header-display":"","ast-banner-title-visibility":"","ast-main-header-display":"","ast-hfb-above-header-display":"","ast-hfb-below-header-display":"","ast-hfb-mobile-header-display":"","site-post-title":"","ast-breadcrumbs-content":"","ast-featured-img":"","footer-sml-layout":"","ast-disable-related-posts":"","theme-transparent-header-meta":"default","adv-header-id-meta":"","stick-header-meta":"","header-above-stick-meta":"","header-main-stick-meta":"","header-below-stick-meta":"","astra-migrate-meta-layouts":"set","ast-page-background-enabled":"default","ast-page-background-meta":{"desktop":{"background-color":"","background-image":"","background-repeat":"repeat","background-position":"center center","background-size":"auto","background-attachment":"scroll","background-type":"","background-media":"","overlay-type":"","overlay-color":"","overlay-opacity":"","overlay-gradient":""},"tablet":{"background-color":"","background-image":"","background-repeat":"repeat","background-position":"center center","background-size":"auto","background-attachment":"scroll","background-type":"","background-media":"","overlay-type":"","overlay-color":"","overlay-opacity":"","overlay-gradient":""},"mobile":{"background-color":"","background-image":"","background-repeat":"repeat","background-position":"center center","background-size":"auto","background-attachment":"scroll","background-type":"","background-media":"","overlay-type":"","overlay-color":"","overlay-opacity":"","overlay-gradient":""}},"ast-content-background-meta":{"desktop":{"background-color":"var(--ast-global-color-5)","background-image":"","background-repeat":"repeat","background-position":"center center","background-size":"auto","background-attachment":"scroll","background-type":"","background-media":"","overlay-type":"","overlay-color":"","overlay-opacity":"","overlay-gradient":""},"tablet":{"background-color":"var(--ast-global-color-5)","background-image":"","background-repeat":"repeat","background-position":"center center","background-size":"auto","background-attachment":"scroll","background-type":"","background-media":"","overlay-type":"","overlay-color":"","overlay-opacity":"","overlay-gradient":""},"mobile":{"background-color":"var(--ast-global-color-5)","background-image":"","background-repeat":"repeat","background-position":"center center","background-size":"auto","background-attachment":"scroll","background-type":"","background-media":"","overlay-type":"","overlay-color":"","overlay-opacity":"","overlay-gradient":""}},"ngg_post_thumbnail":0,"footnotes":""},"class_list":["post-304","page","type-page","status-publish","has-post-thumbnail","hentry"],"yoast_head":"<!-- This site is optimized with the Yoast SEO plugin v27.5 - https:\/\/yoast.com\/product\/yoast-seo-wordpress\/ -->\n<title>Vitajte na na\u0161ej str\u00e1nke - DOMOVINA<\/title>\n<meta name=\"description\" content=\"Skuto\u010dne nov\u00e9 je len to, na \u010do sa u\u017e zabudlo\" \/>\n<meta name=\"robots\" content=\"index, follow, max-snippet:-1, max-image-preview:large, max-video-preview:-1\" \/>\n<link rel=\"canonical\" href=\"https:\/\/www.antikvar.sk\/blog\/fejtony-uvahy-starozitnosti-postrehy\/\" \/>\n<meta property=\"og:locale\" content=\"sk_SK\" \/>\n<meta property=\"og:type\" content=\"article\" \/>\n<meta property=\"og:title\" content=\"Vitajte na na\u0161ej str\u00e1nke - DOMOVINA\" \/>\n<meta property=\"og:description\" content=\"Skuto\u010dne nov\u00e9 je len to, na \u010do sa u\u017e zabudlo\" \/>\n<meta property=\"og:url\" content=\"https:\/\/www.antikvar.sk\/blog\/fejtony-uvahy-starozitnosti-postrehy\/\" \/>\n<meta property=\"og:site_name\" content=\"DOMOVINA\" \/>\n<meta property=\"article:modified_time\" content=\"2024-04-09T17:52:09+00:00\" \/>\n<meta property=\"og:image\" content=\"https:\/\/www.antikvar.sk\/blog\/wp-content\/uploads\/2021\/04\/KoreszkaWEB.jpg\" \/>\n\t<meta property=\"og:image:width\" content=\"864\" \/>\n\t<meta property=\"og:image:height\" content=\"813\" \/>\n\t<meta property=\"og:image:type\" content=\"image\/jpeg\" \/>\n<meta name=\"twitter:card\" content=\"summary_large_image\" \/>\n<meta name=\"twitter:label1\" content=\"Predpokladan\u00fd \u010das \u010d\u00edtania\" \/>\n\t<meta name=\"twitter:data1\" content=\"3 min\u00faty\" \/>\n<script type=\"application\/ld+json\" class=\"yoast-schema-graph\">{\"@context\":\"https:\\\/\\\/schema.org\",\"@graph\":[{\"@type\":\"WebPage\",\"@id\":\"https:\\\/\\\/www.antikvar.sk\\\/blog\\\/fejtony-uvahy-starozitnosti-postrehy\\\/\",\"url\":\"https:\\\/\\\/www.antikvar.sk\\\/blog\\\/fejtony-uvahy-starozitnosti-postrehy\\\/\",\"name\":\"Vitajte na na\u0161ej str\u00e1nke - DOMOVINA\",\"isPartOf\":{\"@id\":\"https:\\\/\\\/www.antikvar.sk\\\/blog\\\/#website\"},\"primaryImageOfPage\":{\"@id\":\"https:\\\/\\\/www.antikvar.sk\\\/blog\\\/fejtony-uvahy-starozitnosti-postrehy\\\/#primaryimage\"},\"image\":{\"@id\":\"https:\\\/\\\/www.antikvar.sk\\\/blog\\\/fejtony-uvahy-starozitnosti-postrehy\\\/#primaryimage\"},\"thumbnailUrl\":\"https:\\\/\\\/www.antikvar.sk\\\/blog\\\/wp-content\\\/uploads\\\/2021\\\/04\\\/KoreszkaWEB.jpg\",\"datePublished\":\"2021-04-25T07:52:19+00:00\",\"dateModified\":\"2024-04-09T17:52:09+00:00\",\"description\":\"Skuto\u010dne nov\u00e9 je len to, na \u010do sa u\u017e zabudlo\",\"breadcrumb\":{\"@id\":\"https:\\\/\\\/www.antikvar.sk\\\/blog\\\/fejtony-uvahy-starozitnosti-postrehy\\\/#breadcrumb\"},\"inLanguage\":\"sk-SK\",\"potentialAction\":[{\"@type\":\"ReadAction\",\"target\":[\"https:\\\/\\\/www.antikvar.sk\\\/blog\\\/fejtony-uvahy-starozitnosti-postrehy\\\/\"]}]},{\"@type\":\"ImageObject\",\"inLanguage\":\"sk-SK\",\"@id\":\"https:\\\/\\\/www.antikvar.sk\\\/blog\\\/fejtony-uvahy-starozitnosti-postrehy\\\/#primaryimage\",\"url\":\"https:\\\/\\\/www.antikvar.sk\\\/blog\\\/wp-content\\\/uploads\\\/2021\\\/04\\\/KoreszkaWEB.jpg\",\"contentUrl\":\"https:\\\/\\\/www.antikvar.sk\\\/blog\\\/wp-content\\\/uploads\\\/2021\\\/04\\\/KoreszkaWEB.jpg\",\"width\":864,\"height\":813,\"caption\":\"Poh\u013ead na Skalicu\"},{\"@type\":\"BreadcrumbList\",\"@id\":\"https:\\\/\\\/www.antikvar.sk\\\/blog\\\/fejtony-uvahy-starozitnosti-postrehy\\\/#breadcrumb\",\"itemListElement\":[{\"@type\":\"ListItem\",\"position\":1,\"name\":\"Domovsk\u00e1 str\u00e1nka\",\"item\":\"https:\\\/\\\/www.antikvar.sk\\\/blog\\\/\"},{\"@type\":\"ListItem\",\"position\":2,\"name\":\"Vitajte na na\u0161ej str\u00e1nke\"}]},{\"@type\":\"WebSite\",\"@id\":\"https:\\\/\\\/www.antikvar.sk\\\/blog\\\/#website\",\"url\":\"https:\\\/\\\/www.antikvar.sk\\\/blog\\\/\",\"name\":\"DOMOVINA\",\"description\":\"Nezabudnite na svoje rodisko, bez neho je len do pekla schodisko\",\"publisher\":{\"@id\":\"https:\\\/\\\/www.antikvar.sk\\\/blog\\\/#\\\/schema\\\/person\\\/960f1c7c0f38d050499287d3a7924469\"},\"potentialAction\":[{\"@type\":\"SearchAction\",\"target\":{\"@type\":\"EntryPoint\",\"urlTemplate\":\"https:\\\/\\\/www.antikvar.sk\\\/blog\\\/?s={search_term_string}\"},\"query-input\":{\"@type\":\"PropertyValueSpecification\",\"valueRequired\":true,\"valueName\":\"search_term_string\"}}],\"inLanguage\":\"sk-SK\"},{\"@type\":[\"Person\",\"Organization\"],\"@id\":\"https:\\\/\\\/www.antikvar.sk\\\/blog\\\/#\\\/schema\\\/person\\\/960f1c7c0f38d050499287d3a7924469\",\"name\":\"jaropoky\",\"image\":{\"@type\":\"ImageObject\",\"inLanguage\":\"sk-SK\",\"@id\":\"https:\\\/\\\/www.antikvar.sk\\\/blog\\\/wp-content\\\/uploads\\\/2021\\\/04\\\/cropped-cropped-KoreszkaWEB-2.jpg\",\"url\":\"https:\\\/\\\/www.antikvar.sk\\\/blog\\\/wp-content\\\/uploads\\\/2021\\\/04\\\/cropped-cropped-KoreszkaWEB-2.jpg\",\"contentUrl\":\"https:\\\/\\\/www.antikvar.sk\\\/blog\\\/wp-content\\\/uploads\\\/2021\\\/04\\\/cropped-cropped-KoreszkaWEB-2.jpg\",\"width\":863,\"height\":597,\"caption\":\"jaropoky\"},\"logo\":{\"@id\":\"https:\\\/\\\/www.antikvar.sk\\\/blog\\\/wp-content\\\/uploads\\\/2021\\\/04\\\/cropped-cropped-KoreszkaWEB-2.jpg\"},\"description\":\"Zauj\u00edma sa o filozofiu, umenie, pr\u00edrodu a alternat\u00edvnu medic\u00ednu. Bol vedeck\u00fd pracovn\u00edk a \u0161t\u00e1tny zamestnanec, teraz je na d\u00f4chodku.\",\"sameAs\":[\"http:\\\/\\\/www.antikvar.sk\\\/blog\"]}]}<\/script>\n<!-- \/ Yoast SEO plugin. -->","yoast_head_json":{"title":"Vitajte na na\u0161ej str\u00e1nke - DOMOVINA","description":"Skuto\u010dne nov\u00e9 je len to, na \u010do sa u\u017e zabudlo","robots":{"index":"index","follow":"follow","max-snippet":"max-snippet:-1","max-image-preview":"max-image-preview:large","max-video-preview":"max-video-preview:-1"},"canonical":"https:\/\/www.antikvar.sk\/blog\/fejtony-uvahy-starozitnosti-postrehy\/","og_locale":"sk_SK","og_type":"article","og_title":"Vitajte na na\u0161ej str\u00e1nke - DOMOVINA","og_description":"Skuto\u010dne nov\u00e9 je len to, na \u010do sa u\u017e zabudlo","og_url":"https:\/\/www.antikvar.sk\/blog\/fejtony-uvahy-starozitnosti-postrehy\/","og_site_name":"DOMOVINA","article_modified_time":"2024-04-09T17:52:09+00:00","og_image":[{"width":864,"height":813,"url":"https:\/\/www.antikvar.sk\/blog\/wp-content\/uploads\/2021\/04\/KoreszkaWEB.jpg","type":"image\/jpeg"}],"twitter_card":"summary_large_image","twitter_misc":{"Predpokladan\u00fd \u010das \u010d\u00edtania":"3 min\u00faty"},"schema":{"@context":"https:\/\/schema.org","@graph":[{"@type":"WebPage","@id":"https:\/\/www.antikvar.sk\/blog\/fejtony-uvahy-starozitnosti-postrehy\/","url":"https:\/\/www.antikvar.sk\/blog\/fejtony-uvahy-starozitnosti-postrehy\/","name":"Vitajte na na\u0161ej str\u00e1nke - DOMOVINA","isPartOf":{"@id":"https:\/\/www.antikvar.sk\/blog\/#website"},"primaryImageOfPage":{"@id":"https:\/\/www.antikvar.sk\/blog\/fejtony-uvahy-starozitnosti-postrehy\/#primaryimage"},"image":{"@id":"https:\/\/www.antikvar.sk\/blog\/fejtony-uvahy-starozitnosti-postrehy\/#primaryimage"},"thumbnailUrl":"https:\/\/www.antikvar.sk\/blog\/wp-content\/uploads\/2021\/04\/KoreszkaWEB.jpg","datePublished":"2021-04-25T07:52:19+00:00","dateModified":"2024-04-09T17:52:09+00:00","description":"Skuto\u010dne nov\u00e9 je len to, na \u010do sa u\u017e zabudlo","breadcrumb":{"@id":"https:\/\/www.antikvar.sk\/blog\/fejtony-uvahy-starozitnosti-postrehy\/#breadcrumb"},"inLanguage":"sk-SK","potentialAction":[{"@type":"ReadAction","target":["https:\/\/www.antikvar.sk\/blog\/fejtony-uvahy-starozitnosti-postrehy\/"]}]},{"@type":"ImageObject","inLanguage":"sk-SK","@id":"https:\/\/www.antikvar.sk\/blog\/fejtony-uvahy-starozitnosti-postrehy\/#primaryimage","url":"https:\/\/www.antikvar.sk\/blog\/wp-content\/uploads\/2021\/04\/KoreszkaWEB.jpg","contentUrl":"https:\/\/www.antikvar.sk\/blog\/wp-content\/uploads\/2021\/04\/KoreszkaWEB.jpg","width":864,"height":813,"caption":"Poh\u013ead na Skalicu"},{"@type":"BreadcrumbList","@id":"https:\/\/www.antikvar.sk\/blog\/fejtony-uvahy-starozitnosti-postrehy\/#breadcrumb","itemListElement":[{"@type":"ListItem","position":1,"name":"Domovsk\u00e1 str\u00e1nka","item":"https:\/\/www.antikvar.sk\/blog\/"},{"@type":"ListItem","position":2,"name":"Vitajte na na\u0161ej str\u00e1nke"}]},{"@type":"WebSite","@id":"https:\/\/www.antikvar.sk\/blog\/#website","url":"https:\/\/www.antikvar.sk\/blog\/","name":"DOMOVINA","description":"Nezabudnite na svoje rodisko, bez neho je len do pekla schodisko","publisher":{"@id":"https:\/\/www.antikvar.sk\/blog\/#\/schema\/person\/960f1c7c0f38d050499287d3a7924469"},"potentialAction":[{"@type":"SearchAction","target":{"@type":"EntryPoint","urlTemplate":"https:\/\/www.antikvar.sk\/blog\/?s={search_term_string}"},"query-input":{"@type":"PropertyValueSpecification","valueRequired":true,"valueName":"search_term_string"}}],"inLanguage":"sk-SK"},{"@type":["Person","Organization"],"@id":"https:\/\/www.antikvar.sk\/blog\/#\/schema\/person\/960f1c7c0f38d050499287d3a7924469","name":"jaropoky","image":{"@type":"ImageObject","inLanguage":"sk-SK","@id":"https:\/\/www.antikvar.sk\/blog\/wp-content\/uploads\/2021\/04\/cropped-cropped-KoreszkaWEB-2.jpg","url":"https:\/\/www.antikvar.sk\/blog\/wp-content\/uploads\/2021\/04\/cropped-cropped-KoreszkaWEB-2.jpg","contentUrl":"https:\/\/www.antikvar.sk\/blog\/wp-content\/uploads\/2021\/04\/cropped-cropped-KoreszkaWEB-2.jpg","width":863,"height":597,"caption":"jaropoky"},"logo":{"@id":"https:\/\/www.antikvar.sk\/blog\/wp-content\/uploads\/2021\/04\/cropped-cropped-KoreszkaWEB-2.jpg"},"description":"Zauj\u00edma sa o filozofiu, umenie, pr\u00edrodu a alternat\u00edvnu medic\u00ednu. Bol vedeck\u00fd pracovn\u00edk a \u0161t\u00e1tny zamestnanec, teraz je na d\u00f4chodku.","sameAs":["http:\/\/www.antikvar.sk\/blog"]}]}},"uagb_featured_image_src":{"full":["https:\/\/www.antikvar.sk\/blog\/wp-content\/uploads\/2021\/04\/KoreszkaWEB.jpg",864,813,false],"thumbnail":["https:\/\/www.antikvar.sk\/blog\/wp-content\/uploads\/2021\/04\/KoreszkaWEB-150x150.jpg",150,150,true],"medium":["https:\/\/www.antikvar.sk\/blog\/wp-content\/uploads\/2021\/04\/KoreszkaWEB-300x282.jpg",300,282,true],"medium_large":["https:\/\/www.antikvar.sk\/blog\/wp-content\/uploads\/2021\/04\/KoreszkaWEB-768x723.jpg",768,723,true],"large":["https:\/\/www.antikvar.sk\/blog\/wp-content\/uploads\/2021\/04\/KoreszkaWEB.jpg",864,813,false],"1536x1536":["https:\/\/www.antikvar.sk\/blog\/wp-content\/uploads\/2021\/04\/KoreszkaWEB.jpg",864,813,false],"2048x2048":["https:\/\/www.antikvar.sk\/blog\/wp-content\/uploads\/2021\/04\/KoreszkaWEB.jpg",864,813,false],"crp_thumbnail":["https:\/\/www.antikvar.sk\/blog\/wp-content\/uploads\/2021\/04\/KoreszkaWEB.jpg",150,141,false]},"uagb_author_info":{"display_name":"jaropoky","author_link":"https:\/\/www.antikvar.sk\/blog\/author\/jaro\/"},"uagb_comment_info":0,"uagb_excerpt":"Najsk\u00f4r mus\u00edm d\u00f4razne upozorni\u0165, \u017ee niektor\u00e9 uverejnen\u00e9 texty&nbsp; nie s\u00fa&nbsp; vhodn\u00e9 pre ml\u00e1de\u017e! Pros\u00edme v\u0161etk\u00fdch, ktor\u00ed maj\u00fa menej ako 18 rokov, aby ani zo zvedavosti neklikali. Priatelia a dospel\u00ed n\u00e1v\u0161tevn\u00edci&nbsp; tu n\u00e1jdu texty r\u00f4zneho \u017e\u00e1nru, od \u00favah, fejt\u00f3nov po riekanky a proston\u00e1rodn\u00fa tvorbu, ktor\u00e9 vznikli v \u010dase kovidu. Uverejnen\u00e9 texty s\u00fa poznamenan\u00e9 dobou, nemaj\u00fa za&hellip;","_links":{"self":[{"href":"https:\/\/www.antikvar.sk\/blog\/wp-json\/wp\/v2\/pages\/304","targetHints":{"allow":["GET"]}}],"collection":[{"href":"https:\/\/www.antikvar.sk\/blog\/wp-json\/wp\/v2\/pages"}],"about":[{"href":"https:\/\/www.antikvar.sk\/blog\/wp-json\/wp\/v2\/types\/page"}],"author":[{"embeddable":true,"href":"https:\/\/www.antikvar.sk\/blog\/wp-json\/wp\/v2\/users\/1"}],"replies":[{"embeddable":true,"href":"https:\/\/www.antikvar.sk\/blog\/wp-json\/wp\/v2\/comments?post=304"}],"version-history":[{"count":0,"href":"https:\/\/www.antikvar.sk\/blog\/wp-json\/wp\/v2\/pages\/304\/revisions"}],"wp:featuredmedia":[{"embeddable":true,"href":"https:\/\/www.antikvar.sk\/blog\/wp-json\/wp\/v2\/media\/21"}],"wp:attachment":[{"href":"https:\/\/www.antikvar.sk\/blog\/wp-json\/wp\/v2\/media?parent=304"}],"curies":[{"name":"wp","href":"https:\/\/api.w.org\/{rel}","templated":true}]}}